{"id":4528,"date":"2024-05-08T17:05:29","date_gmt":"2024-05-08T16:05:29","guid":{"rendered":"https:\/\/blogs.qub.ac.uk\/mandarinchinese\/?page_id=4528"},"modified":"2024-06-03T12:27:59","modified_gmt":"2024-06-03T11:27:59","slug":"ccf-li","status":"publish","type":"page","link":"https:\/\/blogs.qub.ac.uk\/mandarinchinese\/chinese\/ccp\/ccp2024\/ccf-li\/","title":{"rendered":"CCF &#8211; Li"},"content":{"rendered":"\n<h2 class=\"wp-block-heading\">The Journey to My PhD \u6211\u7684\u8bfb\u535a\u4e4b\u65c5<\/h2>\n\n\n\n<p>Friday 24th May 2024<br>13:00-14:00&nbsp;<br>Auditorium, The McClay Library<\/p>\n\n\n\n<figure class=\"wp-block-image size-large\"><img loading=\"lazy\" decoding=\"async\" width=\"1024\" height=\"576\" src=\"https:\/\/blogs.qub.ac.uk\/mandarinchinese\/wp-content\/uploads\/sites\/11\/2024\/05\/CCF5-Li-1024x576.jpg\" alt=\"\" class=\"wp-image-4532\" srcset=\"https:\/\/blogs.qub.ac.uk\/mandarinchinese\/wp-content\/uploads\/sites\/11\/2024\/05\/CCF5-Li-1024x576.jpg 1024w, https:\/\/blogs.qub.ac.uk\/mandarinchinese\/wp-content\/uploads\/sites\/11\/2024\/05\/CCF5-Li-300x169.jpg 300w, https:\/\/blogs.qub.ac.uk\/mandarinchinese\/wp-content\/uploads\/sites\/11\/2024\/05\/CCF5-Li-768x432.jpg 768w, https:\/\/blogs.qub.ac.uk\/mandarinchinese\/wp-content\/uploads\/sites\/11\/2024\/05\/CCF5-Li-1536x864.jpg 1536w, https:\/\/blogs.qub.ac.uk\/mandarinchinese\/wp-content\/uploads\/sites\/11\/2024\/05\/CCF5-Li-500x281.jpg 500w, https:\/\/blogs.qub.ac.uk\/mandarinchinese\/wp-content\/uploads\/sites\/11\/2024\/05\/CCF5-Li.jpg 1920w\" sizes=\"auto, (max-width: 1024px) 100vw, 1024px\" \/><\/figure>\n\n\n\n<p><strong>Speaker<\/strong>:<\/p>\n\n\n\n<p><strong>Xuan LI (\u674e\u8f69)<\/strong>&nbsp;is a researcher in linguistics at School of Arts, English and Languages and he just passed his PhD viva early this May. His research interests encompass pragmatics, second language acquisition, and psycholinguistics. His PhD project investigates the Chinese adult English learners\u2019 comprehension of sarcasm in English tweets under the relevance-theoretical framework. In addition, he is exploring the Chinese concept of \u9634\u9633\u602a\u6c14 (Y\u012bn-Y\u00e1ng gu\u00e0i q\u00ec, reptilian) within Chinese social media platforms.<\/p>\n\n\n\n<p><strong>Outline<\/strong>:<\/p>\n\n\n\n<p>1. A brief introduction of my PhD project and its implications<br>2. Reflecting on the journey of my PhD study<br>3. Sharing my viva experience<\/p>\n\n\n\n<h2 class=\"wp-block-heading\">In Pictures<\/h2>\n\n\n\n<div class=\"wp-block-jetpack-slideshow aligncenter\"><div data-effect=\"slide\"><div class=\"wp-block-jetpack-slideshow_container swiper-container\"><ul class=\"wp-block-jetpack-slideshow_swiper-wrapper swiper-wrapper\"><li class=\"wp-block-jetpack-slideshow_slide swiper-slide\"><figure><img loading=\"lazy\" decoding=\"async\" width=\"1024\" height=\"768\" alt=\"\" class=\"wp-block-jetpack-slideshow_image wp-image-4555\" data-id=\"4555\" src=\"https:\/\/blogs.qub.ac.uk\/mandarinchinese\/wp-content\/uploads\/sites\/11\/2024\/05\/CCF5-Li-3-1024x768.jpg\" srcset=\"https:\/\/blogs.qub.ac.uk\/mandarinchinese\/wp-content\/uploads\/sites\/11\/2024\/05\/CCF5-Li-3-1024x768.jpg 1024w, https:\/\/blogs.qub.ac.uk\/mandarinchinese\/wp-content\/uploads\/sites\/11\/2024\/05\/CCF5-Li-3-300x225.jpg 300w, https:\/\/blogs.qub.ac.uk\/mandarinchinese\/wp-content\/uploads\/sites\/11\/2024\/05\/CCF5-Li-3-768x576.jpg 768w, https:\/\/blogs.qub.ac.uk\/mandarinchinese\/wp-content\/uploads\/sites\/11\/2024\/05\/CCF5-Li-3-1536x1152.jpg 1536w, https:\/\/blogs.qub.ac.uk\/mandarinchinese\/wp-content\/uploads\/sites\/11\/2024\/05\/CCF5-Li-3-400x300.jpg 400w, https:\/\/blogs.qub.ac.uk\/mandarinchinese\/wp-content\/uploads\/sites\/11\/2024\/05\/CCF5-Li-3.jpg 1702w\" sizes=\"(max-width: 1024px) 100vw, 1024px\" \/><\/figure><\/li><li class=\"wp-block-jetpack-slideshow_slide swiper-slide\"><figure><img loading=\"lazy\" decoding=\"async\" width=\"1024\" height=\"768\" alt=\"\" class=\"wp-block-jetpack-slideshow_image wp-image-4553\" data-id=\"4553\" src=\"https:\/\/blogs.qub.ac.uk\/mandarinchinese\/wp-content\/uploads\/sites\/11\/2024\/05\/CCF5-Li-1-1024x768.jpg\" srcset=\"https:\/\/blogs.qub.ac.uk\/mandarinchinese\/wp-content\/uploads\/sites\/11\/2024\/05\/CCF5-Li-1-1024x768.jpg 1024w, https:\/\/blogs.qub.ac.uk\/mandarinchinese\/wp-content\/uploads\/sites\/11\/2024\/05\/CCF5-Li-1-300x225.jpg 300w, https:\/\/blogs.qub.ac.uk\/mandarinchinese\/wp-content\/uploads\/sites\/11\/2024\/05\/CCF5-Li-1-768x576.jpg 768w, https:\/\/blogs.qub.ac.uk\/mandarinchinese\/wp-content\/uploads\/sites\/11\/2024\/05\/CCF5-Li-1-1536x1152.jpg 1536w, https:\/\/blogs.qub.ac.uk\/mandarinchinese\/wp-content\/uploads\/sites\/11\/2024\/05\/CCF5-Li-1-400x300.jpg 400w, https:\/\/blogs.qub.ac.uk\/mandarinchinese\/wp-content\/uploads\/sites\/11\/2024\/05\/CCF5-Li-1.jpg 1702w\" sizes=\"(max-width: 1024px) 100vw, 1024px\" \/><\/figure><\/li><li class=\"wp-block-jetpack-slideshow_slide swiper-slide\"><figure><img loading=\"lazy\" decoding=\"async\" width=\"768\" height=\"1024\" alt=\"\" class=\"wp-block-jetpack-slideshow_image wp-image-4554\" data-id=\"4554\" src=\"https:\/\/blogs.qub.ac.uk\/mandarinchinese\/wp-content\/uploads\/sites\/11\/2024\/05\/CCF5-Li-2-768x1024.jpg\" srcset=\"https:\/\/blogs.qub.ac.uk\/mandarinchinese\/wp-content\/uploads\/sites\/11\/2024\/05\/CCF5-Li-2-768x1024.jpg 768w, https:\/\/blogs.qub.ac.uk\/mandarinchinese\/wp-content\/uploads\/sites\/11\/2024\/05\/CCF5-Li-2-225x300.jpg 225w, https:\/\/blogs.qub.ac.uk\/mandarinchinese\/wp-content\/uploads\/sites\/11\/2024\/05\/CCF5-Li-2-1152x1536.jpg 1152w, https:\/\/blogs.qub.ac.uk\/mandarinchinese\/wp-content\/uploads\/sites\/11\/2024\/05\/CCF5-Li-2.jpg 1280w\" sizes=\"(max-width: 768px) 100vw, 768px\" \/><\/figure><\/li><\/ul><a class=\"wp-block-jetpack-slideshow_button-prev swiper-button-prev swiper-button-white\" role=\"button\"><\/a><a class=\"wp-block-jetpack-slideshow_button-next swiper-button-next swiper-button-white\" role=\"button\"><\/a><a aria-label=\"Pause Slideshow\" class=\"wp-block-jetpack-slideshow_button-pause\" role=\"button\"><\/a><div class=\"wp-block-jetpack-slideshow_pagination swiper-pagination swiper-pagination-white\"><\/div><\/div><\/div><\/div>\n\n\n\n<div class=\"wp-block-buttons is-layout-flex wp-block-buttons-is-layout-flex\">\n<div class=\"wp-block-button\"><a class=\"wp-block-button__link wp-element-button\" href=\"https:\/\/blogs.qub.ac.uk\/mandarinchinese\/chinese\/ccp\/ccp2024\/fun-tt-qub\/\"><strong>Previous<\/strong><\/a><\/div>\n\n\n\n<div class=\"wp-block-button\"><a class=\"wp-block-button__link wp-element-button\" href=\"https:\/\/blogs.qub.ac.uk\/mandarinchinese\/chinese\/ccp\/ccp2024\/\"><strong>CCP2024 Homepage<\/strong><\/a><\/div>\n\n\n\n<div class=\"wp-block-button\"><a class=\"wp-block-button__link wp-element-button\" href=\"https:\/\/blogs.qub.ac.uk\/mandarinchinese\/chinese\/ccp\/ccp2024\/ccf-pu\/\"><strong>Next<\/strong><\/a><\/div>\n<\/div>\n","protected":false},"excerpt":{"rendered":"<p>The Journey to My PhD \u6211\u7684\u8bfb\u535a\u4e4b\u65c5 Friday 24th May 202413:00-14:00&nbsp;Auditorium, The McClay Library Speaker: Xuan LI (\u674e\u8f69)&nbsp;is a researcher in linguistics at School of Arts, English and Languages and he just passed his PhD viva early this May. His research &hellip; <a href=\"https:\/\/blogs.qub.ac.uk\/mandarinchinese\/chinese\/ccp\/ccp2024\/ccf-li\/\">Continue reading <span class=\"meta-nav\">&rarr;<\/span><\/a><\/p>\n","protected":false},"author":63,"featured_media":0,"parent":3956,"menu_order":0,"comment_status":"open","ping_status":"closed","template":"","meta":{"jetpack_post_was_ever_published":false,"footnotes":""},"class_list":["post-4528","page","type-page","status-publish","hentry"],"jetpack_sharing_enabled":true,"jetpack_shortlink":"https:\/\/wp.me\/Pa93ff-1b2","jetpack_likes_enabled":true,"_links":{"self":[{"href":"https:\/\/blogs.qub.ac.uk\/mandarinchinese\/wp-json\/wp\/v2\/pages\/4528","targetHints":{"allow":["GET"]}}],"collection":[{"href":"https:\/\/blogs.qub.ac.uk\/mandarinchinese\/wp-json\/wp\/v2\/pages"}],"about":[{"href":"https:\/\/blogs.qub.ac.uk\/mandarinchinese\/wp-json\/wp\/v2\/types\/page"}],"author":[{"embeddable":true,"href":"https:\/\/blogs.qub.ac.uk\/mandarinchinese\/wp-json\/wp\/v2\/users\/63"}],"replies":[{"embeddable":true,"href":"https:\/\/blogs.qub.ac.uk\/mandarinchinese\/wp-json\/wp\/v2\/comments?post=4528"}],"version-history":[{"count":5,"href":"https:\/\/blogs.qub.ac.uk\/mandarinchinese\/wp-json\/wp\/v2\/pages\/4528\/revisions"}],"predecessor-version":[{"id":4567,"href":"https:\/\/blogs.qub.ac.uk\/mandarinchinese\/wp-json\/wp\/v2\/pages\/4528\/revisions\/4567"}],"up":[{"embeddable":true,"href":"https:\/\/blogs.qub.ac.uk\/mandarinchinese\/wp-json\/wp\/v2\/pages\/3956"}],"wp:attachment":[{"href":"https:\/\/blogs.qub.ac.uk\/mandarinchinese\/wp-json\/wp\/v2\/media?parent=4528"}],"curies":[{"name":"wp","href":"https:\/\/api.w.org\/{rel}","templated":true}]}}