{"id":1081,"date":"2021-01-28T04:00:20","date_gmt":"2021-01-28T04:00:20","guid":{"rendered":"https:\/\/blogs.qub.ac.uk\/mandarinchinese\/?page_id=1081"},"modified":"2021-04-08T23:17:47","modified_gmt":"2021-04-08T22:17:47","slug":"ccp2021","status":"publish","type":"page","link":"https:\/\/blogs.qub.ac.uk\/mandarinchinese\/chinese\/ccp\/ccp2021\/","title":{"rendered":"Chinese Culture Programme 2021"},"content":{"rendered":"\n<figure class=\"wp-block-embed is-type-video is-provider-youtube wp-block-embed-youtube wp-embed-aspect-16-9 wp-has-aspect-ratio\"><div class=\"wp-block-embed__wrapper\">\n<span class=\"embed-youtube\" style=\"text-align:center; display: block;\"><iframe loading=\"lazy\" class=\"youtube-player\" width=\"584\" height=\"329\" src=\"https:\/\/www.youtube.com\/embed\/THVMRqYzEvs?version=3&#038;rel=1&#038;showsearch=0&#038;showinfo=1&#038;iv_load_policy=1&#038;fs=1&#038;hl=en-GB&#038;autohide=2&#038;wmode=transparent\" allowfullscreen=\"true\" style=\"border:0;\" sandbox=\"allow-scripts allow-same-origin allow-popups allow-presentation allow-popups-to-escape-sandbox\"><\/iframe><\/span>\n<\/div><figcaption>The Language Centre at Queen&#8217;s invites you to join in the celebration of Year of the Ox! \u725b\u5e74\u5feb\u4e50 (Ni\u00fani\u00e1n ku\u00e0il\u00e8)\uff01<\/figcaption><\/figure>\n\n\n\n<p>The Year of Mouse has not been a year that any of us will forget in a hurry.&nbsp;As the Chinese saying becoming viral in social media these days goes, the Year of the Mouse was far from easy, yet the Year of the Ox will turn things around (2020\u5b9e\u2018\u9f20\u2019\u4e0d\u6613\uff0c2021\u2018\u725b\u2019\u8f6c\u4e7e\u5764). So, a very big Happy <em>Niu<\/em> (New) Year to you all!<\/p>\n\n\n\n<p>We welcome the Year of the Ox and consider the themes of remembrance and resilience. We are all feeling distanced from loved ones at this time and our resilience is being tested by the continued disruption to both our routines, as well as our engagement with our passions, environments and fellow humans.&nbsp;Chinese New Year is a time that we choose to celebrate cultural diversity in what is, fortunately for us at Queen\u2019s, a distinctly multi-cultural university campus.<\/p>\n\n\n\n<h2 class=\"wp-block-heading\">Programme<\/h2>\n\n\n\n<figure class=\"wp-block-table is-style-stripes\"><table class=\"has-subtle-pale-pink-background-color has-background\"><thead><tr><th><strong>Date<\/strong><\/th><th><strong>time<\/strong><\/th><th><strong>Events<\/strong><\/th><th><strong>Registration<\/strong><\/th><\/tr><\/thead><tbody><tr><td>Friday <br>5 Feb<\/td><td>13.00-14.00<\/td><td><a href=\"https:\/\/blogs.qub.ac.uk\/mandarinchinese\/chinese\/ccp\/ccp2021\/cny2021-workshop\/\" data-type=\"URL\" data-id=\"https:\/\/blogs.qub.ac.uk\/mandarinchinese\/chinese\/ccp\/ccp2021\/cny2021-workshop\/\" target=\"_blank\" rel=\"noreferrer noopener\">CNY Workshop &#8211; The joy of Chinese paper crafts<\/a> <br>(Jean JING)<\/td><td>Register (closed)<\/td><\/tr><tr><td>Friday <br>12 Feb<\/td><td>10.00-12.00<\/td><td><a rel=\"noreferrer noopener\" href=\"https:\/\/blogs.qub.ac.uk\/mandarinchinese\/chinese\/ccp\/ccp2021\/launch\/\" data-type=\"URL\" data-id=\"https:\/\/blogs.qub.ac.uk\/mandarinchinese\/chinese\/ccp\/ccp2021\/launch\/\" target=\"_blank\">Launch of CNY celebrations<\/a> (with online cultural performances)<br>Invited talk &#8211; <a href=\"https:\/\/blogs.qub.ac.uk\/mandarinchinese\/chinese\/ccp\/ccp2021\/ccf2021-wood\/\" data-type=\"URL\" data-id=\"https:\/\/blogs.qub.ac.uk\/mandarinchinese\/chinese\/ccp\/ccp2021\/ccf2021-wood\/\" target=\"_blank\" rel=\"noreferrer noopener\">Great Books of China<\/a> <br>(Dr Frances WOOD)<\/td><td>Register<br>(closed)<\/td><\/tr><tr><td>Tuesday <br>16 Feb<\/td><td>13.00-14.00<\/td><td><a href=\"https:\/\/blogs.qub.ac.uk\/mandarinchinese\/chinese\/ccp\/ccp2021\/ccf1-liuandwang\/\" data-type=\"URL\" data-id=\"https:\/\/blogs.qub.ac.uk\/mandarinchinese\/chinese\/ccp\/ccp2021\/ccf1-liuandwang\/\" target=\"_blank\" rel=\"noreferrer noopener\">Birdwatching and nature-lover communities in China<\/a> (Xiaomin LIU &amp; Yan WANG)<\/td><td>Register<br>(cancelled)<\/td><\/tr><tr><td>Thursday<br>18 Feb<\/td><td>13.00-14.00<\/td><td><a href=\"https:\/\/blogs.qub.ac.uk\/mandarinchinese\/chinese\/ccp\/ccp2021\/ccf2-lin\/\" data-type=\"URL\" data-id=\"https:\/\/blogs.qub.ac.uk\/mandarinchinese\/chinese\/ccp\/ccp2021\/ccf2-lin\/\" target=\"_blank\" rel=\"noreferrer noopener\">Transition from international student to staff members at Queen&#8217;s<\/a> (Qingying LIN)<\/td><td>Register<br>(closed)<\/td><\/tr><tr><td>Friday<br>19 Feb<\/td><td>13.00-14.00<\/td><td><a href=\"https:\/\/blogs.qub.ac.uk\/mandarinchinese\/chinese\/ccp\/ccp2021\/ccf3-tian\/\" data-type=\"URL\" data-id=\"https:\/\/blogs.qub.ac.uk\/mandarinchinese\/chinese\/ccp\/ccp2021\/ccf3-tian\/\" target=\"_blank\" rel=\"noreferrer noopener\">Metaphors of emotion in Chinese and English<\/a><br>(Ye TIAN)<\/td><td>Register<br>(closed)<\/td><\/tr><tr><td>Monday<br>22 Feb<\/td><td>13.00-14.00<\/td><td><a href=\"https:\/\/blogs.qub.ac.uk\/mandarinchinese\/chinese\/ccp\/ccp2021\/ccf4-li\/\" data-type=\"URL\" data-id=\"https:\/\/blogs.qub.ac.uk\/mandarinchinese\/chinese\/ccp\/ccp2021\/ccf4-li\/\" target=\"_blank\" rel=\"noreferrer noopener\">Comparison of British and Chinese regulations on facial recognition technology<\/a> (Te LI)<\/td><td>Register<br>(closed)<\/td><\/tr><tr><td>Tuesday<br>23 Feb<\/td><td>13.00-14.00<\/td><td><a href=\"https:\/\/blogs.qub.ac.uk\/mandarinchinese\/chinese\/ccp\/ccp2021\/ccf5-bhatt\/\" data-type=\"URL\" data-id=\"https:\/\/blogs.qub.ac.uk\/mandarinchinese\/chinese\/ccp\/ccp2021\/ccf5-bhatt\/\" target=\"_blank\" rel=\"noreferrer noopener\">Writing a postgraduate research project &#8211; common issues arising from Chinese students<\/a> (Ibrar BHATT)<\/td><td>Register<br>(closed)<\/td><\/tr><tr><td>Wednesday<br>24 Feb<\/td><td>13.00-14.00<\/td><td><a href=\"https:\/\/blogs.qub.ac.uk\/mandarinchinese\/chinese\/ccp\/ccp2021\/ccf6-liu\/\" data-type=\"URL\" data-id=\"https:\/\/blogs.qub.ac.uk\/mandarinchinese\/chinese\/ccp\/ccp2021\/ccf6-liu\/\" target=\"_blank\" rel=\"noreferrer noopener\">The sun and China&#8217;s solar observatories<\/a> <br>(Jiajia LIU)<\/td><td>Register<br>(closed)<\/td><\/tr><tr><td>Thursday<br>25 Feb<\/td><td>13.00-14.00<\/td><td><a rel=\"noreferrer noopener\" href=\"https:\/\/blogs.qub.ac.uk\/mandarinchinese\/chinese\/ccp\/ccp2021\/ccf7-oboyle\/\" data-type=\"URL\" data-id=\"https:\/\/blogs.qub.ac.uk\/mandarinchinese\/chinese\/ccp\/ccp2021\/ccf7-oboyle\/\" target=\"_blank\">Supporting international students &#8211; an intercultural perspective<\/a> (Aisling O&#8217;BOYLE and Xuezi HAN)<\/td><td><a href=\"http:\/\/tiny.cc\/CNY21CCF7\" data-type=\"URL\" data-id=\"http:\/\/tiny.cc\/CNY21CCF7\" target=\"_blank\" rel=\"noreferrer noopener\">Register<\/a><br>(rescheduled)<\/td><\/tr><tr><td>Friday<br>26 Feb<\/td><td>13.00-14.00<\/td><td><a rel=\"noreferrer noopener\" href=\"https:\/\/blogs.qub.ac.uk\/mandarinchinese\/chinese\/ccp\/ccp2021\/ccf8-jin-rolt-cameron\/\" data-type=\"URL\" data-id=\"https:\/\/blogs.qub.ac.uk\/mandarinchinese\/chinese\/ccp\/ccp2021\/ccf8-jin-rolt-cameron\/\" target=\"_blank\">Partnership development with Chinese universities<\/a> (Yan JIN, Che Cameron, Ryan Rolt, and Vincent McKenna)<\/td><td>Register<br>(closed)<\/td><\/tr><tr><td>Friday<br>5 Mar<\/td><td>13.00-14.00<\/td><td><a href=\"https:\/\/blogs.qub.ac.uk\/mandarinchinese\/chinese\/ccp\/ccp2021\/exhibition\/\" data-type=\"URL\" data-id=\"https:\/\/blogs.qub.ac.uk\/mandarinchinese\/chinese\/ccp\/ccp2021\/exhibition\/\" target=\"_blank\" rel=\"noreferrer noopener\">ArtEast Panel Discussion &#8211; The joy of women artists with brush pens during lockdown<\/a> (ArtEast Club members)<\/td><td>Register<br>(closed)<\/td><\/tr><\/tbody><\/table><figcaption>This programme covers the CNY celebration period only. More events in the following months will be added later. If you are interested in joining us, please feel free to write to us using the comment box below.<\/figcaption><\/figure>\n\n\n\n<h2 class=\"wp-block-heading\">How to join<\/h2>\n\n\n\n<p>These events will all be hosted online using MS Teams. For Queen&#8217;s students and staff members, this can be accessed from Teams &gt; QUB Chinese LIG, where event links will be shared as scheduled. For participants outside Queen&#8217;s, registration is required in order to grant access as a guest. Please click each of the events in the programme for registration.<\/p>\n\n\n\n<p>For participants who want to send us their CNY greetings, thoughts and proposals or suggestions for topics, please use the comment box below.<\/p>\n\n\n\n<figure class=\"wp-block-image size-large\"><img loading=\"lazy\" decoding=\"async\" width=\"1024\" height=\"768\" src=\"https:\/\/blogs.qub.ac.uk\/mandarinchinese\/wp-content\/uploads\/sites\/11\/2021\/01\/Jing-paper-cutting-Ox3-1024x768.jpg\" alt=\"\" class=\"wp-image-1079\" srcset=\"https:\/\/blogs.qub.ac.uk\/mandarinchinese\/wp-content\/uploads\/sites\/11\/2021\/01\/Jing-paper-cutting-Ox3-1024x768.jpg 1024w, https:\/\/blogs.qub.ac.uk\/mandarinchinese\/wp-content\/uploads\/sites\/11\/2021\/01\/Jing-paper-cutting-Ox3-300x225.jpg 300w, https:\/\/blogs.qub.ac.uk\/mandarinchinese\/wp-content\/uploads\/sites\/11\/2021\/01\/Jing-paper-cutting-Ox3-768x576.jpg 768w, https:\/\/blogs.qub.ac.uk\/mandarinchinese\/wp-content\/uploads\/sites\/11\/2021\/01\/Jing-paper-cutting-Ox3-400x300.jpg 400w, https:\/\/blogs.qub.ac.uk\/mandarinchinese\/wp-content\/uploads\/sites\/11\/2021\/01\/Jing-paper-cutting-Ox3.jpg 1440w\" sizes=\"auto, (max-width: 1024px) 100vw, 1024px\" \/><figcaption>Image of ox heads (paper-cutting) with Chinese calligraphy and stamp as background. Credit: Jean JING<\/figcaption><\/figure>\n","protected":false},"excerpt":{"rendered":"<p>The Year of Mouse has not been a year that any of us will forget in a hurry.&nbsp;As the Chinese saying becoming viral in social media these days goes, the Year of the Mouse was far from easy, yet the &hellip; <a href=\"https:\/\/blogs.qub.ac.uk\/mandarinchinese\/chinese\/ccp\/ccp2021\/\">Continue reading <span class=\"meta-nav\">&rarr;<\/span><\/a><\/p>\n","protected":false},"author":63,"featured_media":0,"parent":585,"menu_order":0,"comment_status":"open","ping_status":"closed","template":"sidebar-page.php","meta":{"jetpack_post_was_ever_published":false,"footnotes":""},"class_list":["post-1081","page","type-page","status-publish","hentry"],"jetpack_sharing_enabled":true,"jetpack_shortlink":"https:\/\/wp.me\/Pa93ff-hr","jetpack_likes_enabled":true,"_links":{"self":[{"href":"https:\/\/blogs.qub.ac.uk\/mandarinchinese\/wp-json\/wp\/v2\/pages\/1081","targetHints":{"allow":["GET"]}}],"collection":[{"href":"https:\/\/blogs.qub.ac.uk\/mandarinchinese\/wp-json\/wp\/v2\/pages"}],"about":[{"href":"https:\/\/blogs.qub.ac.uk\/mandarinchinese\/wp-json\/wp\/v2\/types\/page"}],"author":[{"embeddable":true,"href":"https:\/\/blogs.qub.ac.uk\/mandarinchinese\/wp-json\/wp\/v2\/users\/63"}],"replies":[{"embeddable":true,"href":"https:\/\/blogs.qub.ac.uk\/mandarinchinese\/wp-json\/wp\/v2\/comments?post=1081"}],"version-history":[{"count":41,"href":"https:\/\/blogs.qub.ac.uk\/mandarinchinese\/wp-json\/wp\/v2\/pages\/1081\/revisions"}],"predecessor-version":[{"id":1553,"href":"https:\/\/blogs.qub.ac.uk\/mandarinchinese\/wp-json\/wp\/v2\/pages\/1081\/revisions\/1553"}],"up":[{"embeddable":true,"href":"https:\/\/blogs.qub.ac.uk\/mandarinchinese\/wp-json\/wp\/v2\/pages\/585"}],"wp:attachment":[{"href":"https:\/\/blogs.qub.ac.uk\/mandarinchinese\/wp-json\/wp\/v2\/media?parent=1081"}],"curies":[{"name":"wp","href":"https:\/\/api.w.org\/{rel}","templated":true}]}}